 Suppose -9 = g*j - 7*j. Suppose 14 - 17 = j*c. Let o(x) = -6*x**2 - x. Determine o(c).
-5
Let m(t) = -8*t - 7. Let p(l) = l + 1. Let r(b) = -5*m(b) - 35*p(b). Let s = -863 + 885. Suppose -1 = s*u + 21. Calculate r(u).
-5
Let x be 1 + 2 + -11 + 1. Let f(v) be the second derivative of -v**3/6 + 2*v - 100. What is f(x)?
7
Let z be (-76)/(-19) - (2 + -3). Suppose -z - 34 = -39*d. Let j(u) = -3*u**2 + 3*u - 7. Let r(l) = -l**2 + l - 2. Let n(v) = -2*j(v) + 7*r(v). Determine n(d).
0
Let s(h) = -h**3 - 2*h**2 + 2*h + 10. Let v = -6078 - -6075. Calculate s(v).
13
Suppose -3*u = 2*t + 2*t - 24, u - 19 = -5*t. Let s(h) = 2*h - 2*h**2 - 3*h + t - 2*h. Suppose 5*q = -2*f + 14, 4*q - 5 = -f + 2*q. Calculate s(f).
-6
Let x(q) = -2*q + 1. Suppose 4*a = 2*o + 104, -8*a + 6*a - 5*o + 52 = 0. Suppose -4*r + a*r = 22. Give x(r).
-1
Let l(b) = 12*b - 128. Let n be (90/(-12) + 6)*176/(-24). Give l(n).
4
Suppose 2539 + 631 = 10*o. Suppose 1976 = 21*r + o. Let d = -86 + r. Let z(g) = g + 5. Calculate z(d).
-2
Let s be 1/((28/32)/7). Let t be 2/(-7) - 12/(-42). Suppose t = -s*r + 3*r + 20. Let l(m) = m**2 - 4*m + 1. Give l(r).
1
Let p(q) be the first derivative of 7*q**4 - q**2/2 - 1101. Calculate p(-1).
-27
Let d(b) be the second derivative of b**4/12 + 11*b**3/3 - 84*b**2 + 443*b + 3. Calculate d(6).
0
Let a(l) = -l**2 - 10*l + 12. Let k(f) = 2*f**2 + f + 8*f + 26 + 0*f**2 - 36. Let h(g) = -3*a(g) - 2*k(g). Determine h(11).
-5
Let h(p) = -3*p - 15. Suppose 21*l = 24*l - 5*a + 5, 0 = 3*a + 6. What is h(l)?
0
Suppose 710 = -2*r + 3*b - b, 0 = 3*r - 2*b + 1063. Let i = 355 + r. Let k(f) = -2 + 2*f**2 - 3*f**2 - f + 2*f. Determine k(i).
-4
Let k(a) = 8*a**3 + 4*a**3 + 959785*a**2 - 959786*a**2. Calculate k(-1).
-13
Let j(t) = -89*t**2 + 1 - 88*t**2 + 167*t**2 + 3*t - 5*t + 0*t**2. Let b = -1 + 2. Determine j(b).
-11
Suppose 0 = 236*h - 238*h + 24. Let b be (-10)/(-3) + -1*4/h. Let o(x) = x**2 - 1. Give o(b).
8
Let q(k) be the first derivative of -k**4/4 + 2*k**3/3 - k**2 + 4*k + 2. Suppose 2*b + 17 = 3*z, 5*b = 4*z + 14 - 46. Calculate q(z).
-11
Let l(w) = -w**3 - 3*w**2 + 6*w + 5. Let d be 1/(-3) + (-6)/9. Let q be 5 - (1/d - 0). Let n be -2 + 3*q/(-9). Calculate l(n).
-3
Let n(c) = -2*c**2 - 3*c - 4. Let p(g) = -3*g**2 - 5*g - 7. Let z(x) = -5*n(x) + 3*p(x). Let l = 6 + -4. Let k be 2/6*(l - 2). Give z(k).
-1
Suppose 3*d - 3*j = 765, -3*d = -5*j - 79 - 684. Let f(g) = -5 - 126*g + d*g - 131*g. Calculate f(-5).
0
Let t(u) = -u**2 + 10*u + 1. Let c be t(10). Let n be 10 - 2 - c*-2. Suppose 0 = 2*o - n*o - 40. Let g(x) = -2*x - 2. Determine g(o).
8
Let c be (-10)/((-60)/18)*1 + -11 + 8. Let p(o) be the third derivative of c*o**4 + 1/60*o**5 + 0*o + 0 - 13*o**2 + 1/3*o**3. Determine p(4).
18
Let u(x) = 2*x - 4. Let p be (-4 - -21)*(-1 + -36). Let a = p + 633. Determine u(a).
4
Let b(c) = 3*c + 3*c**2 + 3*c - 3*c. Let l(y) = -y**2 - y. Let h = 1052 + -1051. Let d(f) = h*b(f) + 2*l(f). Determine d(-2).
2
Let s(n) = -n**2 - 10*n - 28. Let x = -1394 - -1387. What is s(x)?
-7
Let k(z) = -71*z**2 - 51*z + 14. Let j(o) = -94*o**2 - 49*o + 12. Let y(s) = -3*j(s) + 4*k(s). What is y(-29)?
-9
Let b(m) = 6*m + 6. Let n be b(-2). Let s(y) = -y**3 - 7*y**2 - 7*y - 5. Let g be s(n). Let c(t) = 3*t**2 + 2*t + 3 - 4 - 5*t**2 + 0 - 3*t**3. Calculate c(g).
-4
Let m = 161 + -112. Let k(v) = 1 + 30*v + 24*v - m*v. What is k(1)?
6
Let n(a) = -a**2 - 17*a - 32. Let l = -3087 + 3072. Determine n(l).
-2
Suppose 10*o - 4*o = 174. Let p = o + -12. Suppose -p = 6*b + 19. Let j(y) = -y**2 - 7*y + 2. Determine j(b).
8
Let j(b) = 8*b + 13. Let r(w) = 3*w + 4. Let i(z) = -3*z - 4. Let d(x) = 4*i(x) + 5*r(x). Let u be 20/(-60)*(0 - 12). Let a(n) = u*j(n) - 11*d(n). Give a(6).
2
Suppose 7*f - 8*f - 5*z = -1, 5*z + 15 = 0. Suppose -13*c + f = -11*c. Let w(g) = -7*g**2 - 7*g**2 + 13*g**2 - 7 + 6*g. Calculate w(c).
-23
Let v(k) = -k + 22. Suppose -4*z - 49 = -2*a + 5*a, 33 = -3*z - 3*a. Let x(q) = 6*q + 96. Let l be x(z). What is v(l)?
22
Let n(s) = 2*s**3 + 36*s**2 - 87*s + 56. Let p(l) = -l**3 - 18*l**2 + 43*l - 28. Let y(i) = 4*n(i) + 9*p(i). Give y(-20).
-8
Let d(j) = -4*j + 10. Let h(i) = i**2 + 34*i + 131. Let n(l) = 3*d(l) - h(l). Determine n(-44).
-13
Let t(v) = 27*v + 6 - 24*v - 8 + 4. Calculate t(4).
14
Let n(s) be the third derivative of -s**5/60 - s**4/2 - s**3 + 3806*s**2. Let z = -20 - -9. Calculate n(z).
5
Let x(v) = -v + 7. Let g(j) = -4*j**3 + 8*j**2 - 8*j - 1. Let z be g(4). Let l = z - -167. Determine x(l).
1
Let p(c) = 3*c**2 + 15*c - 99. Let k be p(-9). Let j(n) = n**2 - 8*n - 15. Give j(k).
-6
Suppose 0 = 5*b + 4*f - 19, 8*b - 14 = 3*b + f. Let p(c) = -140*c + 139*c - 7 - b. Calculate p(-13).
3
Let s(o) = 8*o**3 + o - 1. Let h = -723 - -725. Determine s(h).
65
Let r be 6 - (6/(-9))/((-4)/120). Let t(a) = 2*a**2 + 30*a + 18. Give t(r).
-10
Let m = 2905 - 2901. Let j(w) = -5*w - 12. Determine j(m).
-32
Let y(r) = 39 - 130*r - 287*r + 433*r - r**2. Give y(16).
39
Let s(r) = 7*r - 100. Suppose 5*z - 8*z + 126 = 6*z. What is s(z)?
-2
Let s be 8/24*36/(-3)*(-65)/52. Let x(m) = -4*m**2 + 15*m + 4. Calculate x(s).
-21
Let a = 8384 + -8379. Let s(n) = n**3 - 3*n**2 - 12*n + 10. What is s(a)?
0
Suppose 595 = 43*s - 36*s. Let c = 89 - s. Let v(n) = -n**2 + 5*n - 2. Calculate v(c).
2
Let g(d) = -2*d**3 - d**2 + 1. Let k(o) = 11*o**3 + 2*o**2 - o - 12. Let h be ((-11)/((-22)/8))/(4/6). Let r(i) = h*g(i) + k(i). Calculate r(-4).
-2
Let u(h) = h**3 - 5*h**2 + h + 2. Let f be (2 + 4*-1)/(5*8/(-40)). Calculate u(f).
-8
Let i(q) = -q**2 + 8*q - 7. Let c(x) = -2*x**3 - 1. Let m be c(2). Let b(l) = -l**2 - 18*l + 8. Let r be b(m). Suppose r = -5*z, a - 2*a - z = -1. Give i(a).
5
Let b(k) = -2*k**2 - 4*k - 3. Let q be -3*(3 - (-444)/(-18)). Suppose -8*u + 41 = q. Give b(u).
-9
Let s be 4/36 - (-1886)/(-207). Let c(h) = h**3 + 9*h**2 - 12. Give c(s).
-12
Let h be -9*(2/(-3) - 0). Let x(d) = -2*d + 5*d + 0*d - d - 3. Calculate x(h).
9
Let k(t) = 3*t + 27. Let n(h) = -2*h - 1. Let p(s) = 2*k(s) + 14*n(s). Let d be p(2). Let f(j) = j + 0*j + 4 + 1. Determine f(d).
1
Let z(p) = -18*p - 6. Suppose 653 = 303*a + 47. Give z(a).
-42
Let n(m) = 11*m - 13. Let b(g) = -7 - 5*g + 1 + 7*g + 3*g. Let o(d) = 9*b(d) - 4*n(d). Determine o(7).
5
Let t(r) = 9*r**3 - 9*r**2 + 5. Let i(k) = 11*k**3 - 10*k**2 - k + 5. Let o(y) = -5*i(y) + 6*t(y). Suppose 2*n + 32 = 5*d - 0*d, 0 = d - 4. Give o(n).
47
Let x(j) = -3*j**2 + 64*j + 34. Let v(w) = -9*w**2 + 217*w + 102. Let i(q) = -2*v(q) + 7*x(q). Determine i(-2).
-6
Let s(g) = g**3 + 29*g**2 - 60*g + 63. Let y be s(-31). Let w(m) = 339*m**2 - 2*m**3 + 3*m**3 - 340*m**2. What is w(y)?
0
Let u(r) = -r**3 + 13*r**2 - 14*r + 28. Suppose 0 = 3*y - n - 32, -36 = -192*y + 190*y - 3*n. Calculate u(y).
4
Suppose -10*h = 15 - 15. Let i(z) = -z**2 + 3*z + 6. Let n(m) = -m**2 + 4*m + 7. Let u(o) = 4*i(o) - 3*n(o). Determine u(h).
3
Let d(a) be the third derivative of a**6/120 + 19*a**5/60 - a**4/6 + 3*a**3/2 - 3204*a**2. Give d(-19).
85
Let o(p) = -14*p**3 - p - 1. Let f = -34 - -36. Suppose -k = -t - 17, -k - 5*t + 11 = f*k. Let x(b) = b**2 - 11*b - 13. Let y be x(k). Give o(y).
14
Suppose -40*m = 30*m + 210. Let o(y) = 10*y + 31. Give o(m).
1
Let w(z) = -z**3 - 12*z**2 + 51*z + 48. Let h be w(-15). Let x = 58 + -12. Let l = x + h. Let j(r) = -r + 1. Determine j(l).
-3
Let i = -1777 - -1777. Let v(g) be the second derivative of 1/6*g**3 + g + i*g**4 + 1/10*g**5 + 0 - 1/2*g**2. What is v(-2)?
-19
Let l(f) = -f**3 - f**2 + 38*f + 9. Let h be 1 + 3/(-12) + (-74)/(-8) + -4. What is l(h)?
-15
Let w be (120/18)/((-8)/(-180)). Suppose -47*z = -37*z - w. Let c(i) = i**2 - 16*i + 20. What is c(z)?
5
Let g = 11246 + -11240. Let v(o) = -o**2 + 10*o - 31. Give v(g).
-7
Suppose -190*r - 133 = -171*r. Let m(y) = -y**2 - 3*y + 8. Let o(q) = -2*q**2 - 6*q + 16. Let n(j) = 5*m(j) - 2*o(j). Calculate n(r).
-20
Let p(g) = 13*g - 94. Let n(u) = -16*u + 125. Let f(m) = 8*n(m) + 11*p(m). What is f(2)?
-4
Let m(h) = -h + 12. Let c(a) = 1. Let y(w) = 4*c(w) - m(w). Give y(0).
-8
Let w(i) = 18*i**2 - 3*i + 2. Let q(m) = 4*m**2 + 3*m + 3. Let d be q(-1). Let v be (-20)/2 + d - (-2 + -5). Determine w(v).
17
Let c(r) = -5*r - 1. Suppose 3*p - 10 = -3*m + 20, -2*p - 10 = -4*m. Let v = 28 + m. Let g = v - 34. Calcu